is -140c7 (base 16) in base 12?
-3b633
Convert 7d7b (base 14) to base 15.
672a
Convert 167311 (base 8) to base 5.
3424004
Convert -102332312032 (base 4) to base 10.
-4976014
What is 268d50 (base 14) in base 5?
320040324
Convert 110466 (base 7) to base 12.
b310
-72b32 (base 12) to base 2
-100100101011010110
Convert 776a9 (base 11) to base 3.
12201112012
Convert 1415400 (base 6) to base 9.
132110
Convert -1314112410 (base 5) to base 7.
-36535512
Convert -230819a (base 11) to base 12.
-1428395
3002231220 (base 4) to base 13
21c027
Convert 253212 (base 8) to base 6.
1513550
What is -250276 (base 13) in base 12?
-36876a
What is 528626 (base 12) in base 4?
10331131332
-10ce17 (base 15) to base 11
-4a9383
Convert -4a5b4 (base 12) to base 3.
-12010122201
-1110001000011010 (base 2) to base 6
-1123550
-10570547 (base 9) to base 10
-5124589
-458581 (base 9) to base 14
-72491
-2786 (base 9) to base 4
-200313
-100001111000 (base 2) to base 14
-b0c
What is 327073 (base 13) in base 14?
22c562
Convert -112000212212 (base 3) to base 4.
-1003123232
Convert 1539230 (base 11) to base 5.
1133223433
What is 202121020001120 (base 3) in base 15?
e63d79
What is 1220211002 (base 3) in base 7?
215063
-6499 (base 12) to base 7
-44151
What is 5078 (base 12) in base 6?
104232
What is -612c0a (base 15) in base 2?
-10001100111000010001111
Convert 641334 (base 7) to base 4.
123011301
409a (base 14) to base 2
10101101101000
What is 199383 (base 11) in base 13?
a8c30
6212611 (base 7) to base 16
b55f1
What is -10321244 (base 5) in base 15?
-1b54e
Convert 6a229 (base 11) to base 16.
18c35
Convert -32133430 (base 5) to base 9.
-452808
What is -250125 (base 7) in base 6?
-551303
What is -17287 (base 13) in base 10?
-44389
Convert -1101010011011001000110 (base 2) to base 6.
-202424530
-3001312 (base 5) to base 14
-13230
-11101110101100110 (base 2) to base 4
-131311212
Convert 2133022424 (base 5) to base 10.
4579739
Convert 1064536 (base 9) to base 8.
2141321
Convert 31212001 (base 4) to base 7.
321223
Convert b10c (base 16) to base 15.
d669
Convert 5b6266 (base 15) to base 9.
8206666
What is 16177 (base 8) in base 11?
5532
What is -c46f6 (base 16) in base 15?
-10d5ed
Convert -1321230 (base 7) to base 9.
-283683
10001011010000011100100 (base 2) to base 9
8524441
Convert -548585 (base 9) to base 4.
-1100001323
-100111011010001100 (base 2) to base 6
-3243152
What is 297c1 (base 15) in base 13?
48931
-1112022122 (base 3) to base 10
-30122
What is 1aa299 (base 11) in base 4?
1032121201
Convert -3026634 (base 10) to base 2.
-1011100010111011001010
What is -50aa5 (base 11) in base 14?
-1d238
What is -1dae9 (base 16) in base 13?
-43451
Convert c61f9 (base 16) to base 10.
811513
301d7e (base 15) to base 10
2284544
-19759 (base 16) to base 4
-121131121
Convert -20fbf (base 16) to base 14.
-37343
Convert -2a21b7 (base 14) to base 12.
-5a8219
-11503484 (base 10) to base 9
-23572728
What is 416467 (base 8) in base 13?
4b0aa
-1110372 (base 9) to base 11
-378894
Convert -1227050 (base 9) to base 15.
-d2d09
Convert 31389 (base 12) to base 13.
23466
What is -11300632 (base 7) in base 11?
-618285
Convert -18d1a4 (base 14) to base 2.
-11010111001000001100
What is -a62512 (base 11) in base 3?
-10012110012120
20c41 (base 14) to base 4
103112021
10001100001010101011010 (base 2) to base 13
c4a758
What is 6013602 (base 7) in base 14?
146872
Convert 200030333 (base 4) to base 2.
100000001100111111
Convert -224157 (base 10) to base 14.
-5b993
What is -120522 (base 6) in base 15?
-31e2
What is 34547461 (base 8) in base 12?
262a301
Convert -1442425 (base 6) to base 11.
-57843
Convert 10100111111111011101111 (base 2) to base 15.
73b086
Convert 11223233 (base 5) to base 16.
18d3d
Convert 5642452 (base 7) to base 3.
1022112200111
1101011001100101 (base 2) to base 10
54885
-1123232131 (base 4) to base 16
-5bb9d
1000100111100110010 (base 2) to base 15
58a2d
Convert 21112101100 (base 3) to base 4.
210030222
Convert 12624111 (base 9) to base 10.
6216274
65891 (base 10) to base 14
1a027
7107612 (base 9) to base 10
3784736
Convert 2198e (base 15) to base 6.
2142212
What is -1341300111 (base 5) in base 15?
-485e06
What is -6681635 (base 9) in base 13?
-98c114
864b (base 14) to base 16
5a9b
What is -104cbd9 (base 14) in base 13?
-17a325b
Convert -1430324230 (base 5) to base 4.
-32112100212
What is 21100010101 (base 3) in base 9?
240111
11111101100101111000011 (base 2) to base 9
16564678
Convert 145140060 (base 7) to base 15.
cb1416
What is -9793a5 (base 12) in base 8?
-11120755
Convert -112222430 (base 5) to base 15.
-a072a
Convert 343636 (base 12) to base 2.
11001011111111001010
a072a (base 13) to base 2
1000110000001101101
What is 15511 (base 16) in base 9?
142684
What is 212312110123 (base 4) in base 11?
58263a9
What is 11c93 (base 16) in base 8?
216223
Convert -282e6 (base 15) to base 4.
-133132110
Convert -2e1342 (base 15) to base 11.
-1294709
350156 (base 7) to base 9
104672
Convert 13123330011 (base 4) to base 5.
444340240
Convert d4656c (base 15) to base 4.
212200303230
What is 6270c (base 13) in base 9?
288656
-5805423 (base 9) to base 12
-1071503
164646305 (base 7) to base 10
11289311
-29d9f (base 16) to base 2
-101001110110011111
31204424 (base 5) to base 4
332231200
What is 12035061 (base 8) in base 14?
4c8a9b
What is -32770 (base 14) in base 4?
-131311132
What is -30456100 (base 8) in base 13?
-14490b3
What is 1742511 (base 13) in base 6?
425420113
Convert -6d67bd (base 14) to base 9.
-7036254
-201331020023 (base 4) to base 8
-41751013
What is -3745794 (base 10) in base 16?
-392802
683c10 (base 13) to base 2
1001011001110001101110
What is 575ac2 (base 15) in base 3?
21211212221002
Convert -361050 (base 7) to base 14.
-19a97
What is -50051310 (base 8) in base 16?
-a052c8
What is 13565 (base 16) in base 8?
232545
What is 1010001111010001 (base 2) in base 13?
1611c
596690 (base 15) to base 6
231340043
22200001111 (base 3) to base 10
170626
What is 201735 (base 10) in base 6?
4153543
2824401 (base 9) to base 14
2c5673
-3566182 (base 10) to base 12
-123b91a
What is -1312321 (base 4) in base 2?
-1110110111001
What is 130202110 (base 4) in base 7?
664525
Convert -1175341 (base 10) to base 8.
-4367455
Convert 3440 (base 6) to base 9.
1106
-545042 (base 6) to base 5
-2421140
437833 (base 11) to base 13
1b5baa
What is 10530430 (base 7) in base 16?
df636
What is -1941898 (base 10) in base 2?
-111011010000110001010
-cdbde (base 16) to base 15
-119a63
-3443865 (base 10) to base 5
-1340200430
Convert 45205 (base 15) to base 14.
5a182
-80a51 (base 11) to base 2
-11100111001111010
Convert 1057175 (base 9) to base 16.
8b09a
Convert 20c4 (base 13) to base 5.
121204
Convert 2625275 (base 9) to base 8.
5361075
Convert -385350 (base 9) to base 3.
-102212101200
-328592 (base 10) to base 13
-b6744
-d0189 (base 15) to base 4
-2200300233
What is 633172 (base 8) in base 2?
110011011001111010
What is -520035 (base 7) in base 9?
-144806
Convert 119166 (base 10) to base 15.
25496
1114c04 (base 15) to base 8
56464775
Convert -374370 (base 8) to base 12.
-62988
240 (base 8) to base 9
187
Convert 187457 (base 12) to base 16.
685c3
What is 112560 (base 7) in base 4?
10323111
What is -8373447 (base 10) in base 12?
-29798b3
-2103011231 (base 4) to base 16
-9316d
Convert 2738753 (base 9) to base 7.
15525021
Convert 1122200233 (base 4) to base 7.
3102601
What is -2c17 (base 15) in base 10?
-9472
354222 (base 11) to base 4
2021030130
Convert ce321 (base 15) to base 8.
2400140
Convert -5636056 (base 7) to base 11.
-43778a
180880 (base 9) to base 8
333201
100001111001000100 (base 2) to base 8
417104
Convert 370214 (base 8) to base 3.
20110101000
Convert -3604994 (base 10) to base 4.
-31300020002
Convert 2355423 (base 7) to base 3.
120020001020
Convert 235011 (base 14) to base 3.
2021012102222
2760172 (base 8) to base 11
491882
-1011111110111110100 (base 2) to base 4
-1133313310
-5284627 (base 10) to base 2
-10100001010001100010011
What is 4482b (base 12) in base 11?
62447
What is -503044 (base 8) in base 6?
-3313444
Convert 58651 (base 9) to base 6.
501201
-216013561 (base 7) to base 5
-11321002012
-2051a3 (base 12) to base 2
-1111011101011001011
-136bc (base 14) to base 7
-256625
Convert -5230350 (base 7) to base 3.
-1011222011100
8635654 (b